when 213854 is divided by 45?
14
What is the remainder when 20810 is divided by 6873?
191
What is the remainder when 1661 is divided by 274?
17
What is the remainder when 4088 is divided by 12?
8
What is the remainder when 43401 is divided by 21679?
43
What is the remainder when 4705 is divided by 188?
5
Calculate the remainder when 225352 is divided by 426.
424
What is the remainder when 15698 is divided by 5229?
11
What is the remainder when 1760733 is divided by 96?
93
What is the remainder when 101558 is divided by 36?
2
Calculate the remainder when 1161500 is divided by 981.
977
Calculate the remainder when 23538 is divided by 79.
75
What is the remainder when 41616 is divided by 111?
102
Calculate the remainder when 6224 is divided by 498.
248
Calculate the remainder when 4395 is divided by 1121.
1032
What is the remainder when 4157 is divided by 119?
111
What is the remainder when 53968 is divided by 26979?
10
What is the remainder when 56937 is divided by 587?
585
What is the remainder when 46208 is divided by 218?
210
What is the remainder when 2003 is divided by 644?
71
Calculate the remainder when 77830 is divided by 23.
21
What is the remainder when 80908 is divided by 176?
124
What is the remainder when 49162 is divided by 165?
157
Calculate the remainder when 5100 is divided by 5061.
39
Calculate the remainder when 17033 is divided by 441.
275
What is the remainder when 9924 is divided by 9891?
33
Calculate the remainder when 3302 is divided by 234.
26
Calculate the remainder when 187597 is divided by 1165.
32
What is the remainder when 98468 is divided by 326?
16
Calculate the remainder when 8869 is divided by 1457.
127
What is the remainder when 502780 is divided by 45?
40
What is the remainder when 239468 is divided by 48?
44
Calculate the remainder when 3073 is divided by 926.
295
What is the remainder when 463062 is divided by 231527?
8
What is the remainder when 328201 is divided by 49?
48
What is the remainder when 301168 is divided by 13?
10
What is the remainder when 718 is divided by 63?
25
What is the remainder when 6087 is divided by 2949?
189
Calculate the remainder when 70422 is divided by 214.
16
What is the remainder when 1520 is divided by 130?
90
What is the remainder when 7590 is divided by 7581?
9
Calculate the remainder when 5277 is divided by 19.
14
Calculate the remainder when 137783 is divided by 45927.
2
What is the remainder when 3120 is divided by 79?
39
What is the remainder when 77060 is divided by 539?
522
Calculate the remainder when 684286 is divided by 256.
254
What is the remainder when 77491 is divided by 162?
55
Calculate the remainder when 557496 is divided by 2.
0
What is the remainder when 54608 is divided by 39?
8
What is the remainder when 4909 is divided by 42?
37
Calculate the remainder when 469205 is divided by 52133.
8
What is the remainder when 9970 is divided by 1352?
506
Calculate the remainder when 4089 is divided by 15.
9
What is the remainder when 83327 is divided by 672?
671
Calculate the remainder when 131114 is divided by 14567.
11
Calculate the remainder when 89868 is divided by 9.
3
What is the remainder when 59479 is divided by 862?
1
What is the remainder when 27062 is divided by 4481?
176
Calculate the remainder when 34112 is divided by 295.
187
Calculate the remainder when 9516 is divided by 146.
26
Calculate the remainder when 79288 is divided by 341.
176
Calculate the remainder when 32460 is divided by 43.
38
What is the remainder when 402080 is divided by 918?
914
What is the remainder when 10269 is divided by 636?
93
What is the remainder when 2227 is divided by 881?
465
Calculate the remainder when 122788 is divided by 12.
4
What is the remainder when 24677 is divided by 68?
61
What is the remainder when 172077 is divided by 90?
87
What is the remainder when 236839 is divided by 248?
247
Calculate the remainder when 22693 is divided by 37.
12
What is the remainder when 11880 is divided by 1320?
0
What is the remainder when 8831 is divided by 70?
11
What is the remainder when 38503 is divided by 9603?
91
What is the remainder when 375911 is divided by 339?
299
Calculate the remainder when 18671 is divided by 95.
51
What is the remainder when 2536 is divided by 144?
88
Calculate the remainder when 36602 is divided by 70.
62
What is the remainder when 40529 is divided by 30?
29
What is the remainder when 4608 is divided by 96?
0
Calculate the remainder when 53912 is divided by 26930.
52
Calculate the remainder when 2192 is divided by 1060.
72
What is the remainder when 39750 is divided by 7949?
5
What is the remainder when 29271 is divided by 20?
11
What is the remainder when 37311 is divided by 5327?
22
What is the remainder when 29783 is divided by 2972?
63
Calculate the remainder when 106453 is divided by 82.
17
Calculate the remainder when 3685 is divided by 737.
0
What is the remainder when 9919 is divided by 4953?
13
Calculate the remainder when 22078 is divided by 18.
10
Calculate the remainder when 14463 is divided by 7209.
45
What is the remainder when 3951 is divided by 127?
14
What is the remainder when 26683 is divided by 8894?
1
What is the remainder when 1051 is divided by 33?
28
Calculate the remainder when 300446 is divided by 31.
25
Calculate the remainder when 30992 is divided by 5164.
8
Calculate the remainder when 34479 is divided by 499.
48
Calculate the remainder when 353038 is divided by 16.
14
Calculate the remainder when 22187 is divided by 35.
32
What is the remainder when 2371 is divided by 236?
11
What is the remainder when 4491 is divided by 178?
41
What is the remainder when 268213 is divided by 49?
36
Calculate the remainder when 5835 is divided by 62.
7
What is the remainder when 34477 is divided by 44?
25
What is the remainder when 19567 is divided by 5?
2
Calculate the remainder when 24599 is divided by 24593.
6
What is the remainder when 33441 is divided by 16658?
125
What is the remainder when 240908 is divided by 559?
538
Calculate the remainder when 780 is divided by 10.
0
Calculate the remainder when 2418 is divided by 786.
60
Calculate the remainder when 6374 is divided by 19.
9
Calculate the remainder when 26395 is divided by 84.
19
Calculate the remainder when 1286273 is divided by 1442.
9
What is the remainder when 17043 is divided by 5254?
1281
Calculate the remainder when 26516 is divided by 195.
191
What is the remainder when 50352 is divided by 300?
252
What is the remainder when 1160635 is divided by 4044?
7
Calculate the remainder when 13121 is divided by 26.
17
Calculate the remainder when 29303 is divided by 14648.
7
What is the remainder when 682208 is divided by 13?
7
What is the remainder when 1701 is divided by 149?
62
What is the remainder when 1389 is divided by 498?
393
What is the remainder when 12364 is divided by 1030?
4
What is the remainder when 15778 is divided by 195?
178
Calculate the remainder when 38309 is divided by 387.
383
What is the remainder when 5646 is divided by 21?
18
What is the remainder when 4924 is divided by 19?
3
Calculate the remainder when 41372 is divided by 656.
44
Calculate the remainder when 1453 is divided by 183.
172
What is the remainder when 984 is divided by 617?
367
Calculate the remainder when 148410 is divided by 342.
324
What is the remainder when 1566 is divided by 1487?
79
Calculate the remainder when 4599 is divided by 341.
166
What is the remainder when 11898 is divided by 5935?
28
Calculate the remainder when 91079 is divided by 283.
236
What is the remainder when 4743 is divided by 1559?
66
What is the remainder when 79766 is divided by 157?
10
What is the remainder when 27050 is divided by 112?
58
Calculate the remainder when 5350 is divided by 2666.
18
What is the remainder when 49142 is divided by 53?
11
What is the remainder when 7828 is divided by 332?
192
What is the remainder when 7369 is divided by 2427?
88
What is the remainder when 236642 is divided by 2689?
10
Calculate the remainder when 14377 is divided by 60.
37
Calculate the remainder when 84310 is divided by 869.
17
What is the remainder when 21200 is divided by 3532?
8
Calculate the remainder when 8290 is divided by 180.
10
What is the remainder when 15017 is divided by 34?
23
What is the remai